 divided by (0 - n) + 2/1?
21
Calculate the remainder when 39 is divided by (6 - 1)*(-22)/(-10).
6
Suppose -54*x = -56*x + 22. What is the remainder when 19 is divided by x?
8
Let q(v) = -2*v + 9. What is the remainder when 74 is divided by q(-3)?
14
Let x = -53 + 79. Calculate the remainder when x is divided by 16.
10
Suppose 3*t + 3*z - 17 = z, -5*t + 23 = -2*z. Calculate the remainder when 20 is divided by t.
0
Let g = -139 + 233. Calculate the remainder when g is divided by 19.
18
Let g(i) = 4*i**3 + 2*i**2 - 2*i + 1. Suppose f + 2 - 6 = n, 5*f = -5*n - 10. Let b be g(f). Let u = 23 - b. Calculate the remainder when u is divided by 10.
8
Let c be ((-15)/(-2))/((-6)/8). Let y be -2 + (-6)/4*8. Let g = c - y. Calculate the remainder when 6 is divided by g.
2
Suppose -3*p = -6*p + 12. Suppose 28 + 17 = 5*w. Suppose -p*o + o = -w. What is the remainder when 4 is divided by o?
1
Let q(u) = 55*u. Let k = -58 - -77. Calculate the remainder when q(1) is divided by k.
17
What is the remainder when (-2)/(-8) + 1035/20 is divided by (-147)/(-8) + 21/(-56)?
16
What is the remainder when 68 is divided by 4 + 50/(-12) - 183/(-18)?
8
Let b = 8 - -12. What is the remainder when 68 is divided by b?
8
Let q = 6 + 5. Calculate the remainder when 27 is divided by q.
5
Let i = -3 + 25. Calculate the remainder when i is divided by 10.
2
Let c(y) = 0 - 18*y - 3 + 23*y. Let h be c(4). Suppose m = -4*s + h, 0 = 3*s - 0*s - 5*m + 16. What is the remainder when 8 is divided by s?
2
Let i be (-61)/4 + 1/4. What is the remainder when (84/10)/((-6)/i) is divided by 12?
9
Let g(b) = -b**2 + 9*b - 3. What is the remainder when 64 is divided by g(4)?
13
Let v = 94 - 86. Calculate the remainder when 15*(2 + 0 - 1) is divided by v.
7
Let k(z) = z**3 + 2*z**2 - 5*z + 7. Calculate the remainder when k(3) is divided by (-4)/(-18) + 2136/108.
17
Let s(d) = -43*d**3 - d - 1. What is the remainder when s(-1) is divided by 22?
21
Suppose 0 = 5*u - 175 - 170. Calculate the remainder when u is divided by 18.
15
Let u = 8 + -3. Suppose 35 = u*l - 15. What is the remainder when l is divided by (1 - (-1 + 2)) + (-23 - -27)?
2
Let r = -3 + 10. What is the remainder when 11 is divided by r?
4
Suppose f = 3*f - 246. Calculate the remainder when f is divided by 18.
15
What is the remainder when (-1)/4 + (-7429)/(-68) is divided by 37?
35
Suppose 3*k - 36 = k. Calculate the remainder when k is divided by 4.
2
Let l(g) = -g**3 - 6*g**2 - 2*g + 3. What is the remainder when 43 is divided by l(-6)?
13
Let b(k) = -k**3 + 4*k + 3. Let s be b(-2). Suppose -5*g = -s*j + 78, 3*j + 3*g - g - 57 = 0. Calculate the remainder when 60 is divided by j.
18
Let w(d) = 17*d**2 - 5*d + 5. What is the remainder when w(2) is divided by 16?
15
Suppose -134 = -4*c + 2*w, w = -6*c + 2*c + 119. Let u = c + 2. What is the remainder when u is divided by 18?
15
Suppose -15 = -4*u + 41. What is the remainder when 54 is divided by u?
12
Let p be -6*(6/(-4))/3. Let a be 2/(-3 - -5 - 3). Let y = p - a. Calculate the remainder when 13 is divided by y.
3
Let k(d) = -d - 3. Let a be k(-4). Suppose 5*o = -7 + 37. Calculate the remainder when (0 + a)/(4/68) is divided by o.
5
Let v = -8 + 17. Suppose v + 14 = -4*d - 5*k, -d - 8 = 2*k. What is the remainder when 31 is divided by (-270)/(-35) + d/(-7)?
7
Suppose -31*t + 33*t - 12 = 0. Calculate the remainder when 18 is divided by t.
0
Suppose -3*l + 70 = -11. What is the remainder when 50 is divided by l?
23
Let o(p) = -3*p - 13. Let c be o(-6). Suppose 4 - 22 = -2*l - 4*v, v + 56 = c*l. Calculate the remainder when 153/5 + 4/10 is divided by l.
9
Let s(c) = c**2 + 1. Let v be s(2). Suppose 2*b + 42 = v*b. What is the remainder when (18/(-4))/((-5)/30) is divided by b?
13
Let k(g) = 2*g + 1. Suppose -2*u - 3*u + 36 = -4*n, -4 = -4*n. Let r = u - 2. What is the remainder when k(5) is divided by r?
5
Suppose -3*r = -4*p - 2, 3*r = 6*p - 3*p + 6. Suppose -5*o + 3*o + 8 = 2*z, 2*o + 5*z - 11 = 0. Calculate the remainder when r is divided by o.
0
Let p(c) = -c - 2. Let l = -3 - 7. Calculate the remainder when p(l) is divided by 3.
2
Let s = 54 + -25. Let y = -49 + 71. Let k = 32 - y. Calculate the remainder when s is divided by k.
9
Suppose 2*r - 3*x + 6 = 0, -3*x + 0*x + 3 = -3*r. Calculate the remainder when 10 is divided by r.
1
Suppose 0 = 2*p + p + y - 352, 3*y - 12 = 0. Calculate the remainder when p is divided by 7.
4
What is the remainder when 188/6 + (-4)/(-6) is divided by 11?
10
Suppose 3 + 1 = -4*w. Let g be 8*2 - (-3 - w). What is the remainder when 526/g - 2/9 is divided by 10?
9
Let u = 7 - 2. Suppose -u*n - 31 - 94 = 0. What is the remainder when (-385)/n - 4/10 is divided by 8?
7
Suppose -16 = -3*q - 3*d + d, -d = q - 7. Suppose -q*h + 21 = -1. Let t(n) = n**3 - 2*n**2 + 4*n - 1. What is the remainder when t(3) is divided by h?
9
Suppose -2*z - 60 = -12*z. Suppose -4*j + 50 = -5*g, 3*j + 2*g - 24 = -g. Calculate the remainder when j is divided by z.
4
Let k(i) = -i**2 + 8*i - 4. Let o be k(7). Let u = o + -2. What is the remainder when 8/3*12/u is divided by 11?
10
Suppose -27*l - 30 = -32*l. What is the remainder when 33 is divided by l?
3
Let v(u) = 59*u**3 - u**2 - u + 1. Calculate the remainder when 231 is divided by v(1).
57
Let n be 16/10*10/4. Suppose -j - n*q - 36 = -9*q, -j = q + 6. Let b(y) = -y**2 - 10*y + 15. What is the remainder when 14 is divided by b(j)?
2
Let z(w) = -6*w - 2. Let f be z(3). Let j = 38 + f. What is the remainder when 53 is divided by j?
17
Suppose -18 = -5*h - 8. Suppose 4*r + 2*u - 50 = 4*u, 0 = -h*r - 2*u + 28. Let p = -1 - -8. Calculate the remainder when r is divided by p.
6
Suppose -2 - 2 = -k. Suppose -s = -k*r - 3*s + 74, 3*s + 3 = 0. Calculate the remainder when r is divided by 10.
9
Suppose -5*b + s = -0*b - 11, -5*s - 15 = -5*b. Suppose b*g = g + z - 138, 4*g = -2*z - 528. Calculate the remainder when 32 is divided by g/(-8) - (-2)/8.
15
Let x(n) = 2*n - 15. Calculate the remainder when 28 is divided by x(10).
3
Let u = -19 - -52. Calculate the remainder when u is divided by (8/(-4))/(2/(-9)).
6
Let u(m) = -47*m**3 + 1 + 2*m - 37*m**3 + 25*m**3 - 2*m**2 + 4*m**2. Calculate the remainder when u(-1) is divided by 31.
29
Let u(z) = 5*z**2 - 5*z - 2. Let l be u(-4). Let q = l + -61. What is the remainder when q is divided by 10?
7
Let y = -9 + -9. Calculate the remainder when -1 - (-7)/((-7)/y) is divided by 9.
8
Let k(l) be the first derivative of l**3/3 + 5*l**2/2 + 7*l + 1. Let r = 80 + -68. What is the remainder when r is divided by k(-5)?
5
Let z be ((-8)/(-24))/(1/9). Suppose 2*p + 5 = -z*m, -3*m + 10 = -5*m. Suppose p*g - 3*g = 94. What is the remainder when g is divided by 16?
15
Let y(n) = -15*n**3 - 2*n**2 - n. Let r be y(-1). Suppose s = -0*s + r. Calculate the remainder when s is divided by 5.
4
Let z = 4 + 1. What is the remainder when 18 is divided by z?
3
Suppose 0 = -3*a - j + 45, 3*j - 6*j = -a + 25. Let r(l) = l**2 + 3*l - 1. Calculate the remainder when a is divided by r(2).
7
Let f = 4 + 27. What is the remainder when f is divided by 17?
14
Let n be (-2 - -1) + 2/2. Suppose 4*f - 3*c + 8 - 39 = 0, -f + 4*c + 24 = n. Let v = 3 - 0. What is the remainder when f is divided by v?
1
Let c(t) = -t**2 + t + 29. Let w(o) = 1. Let f(s) = 2*s - 8. Let b(j) = -f(j) - 4*w(j). What is the remainder when c(0) is divided by b(-3)?
9
Suppose 0 = 3*s - s - 2. What is the remainder when -3*s + -1 + 25 is divided by 11?
10
Let c = 33 - 22. Suppose -3*f = f - 16. Calculate the remainder when c is divided by f.
3
Let o(r) = 6*r**3. Let t be o(1). Calculate the remainder when 7 is divided by (t/(-18))/((-2)/24).
3
Calculate the remainder when 19 is divided by 4/(-18) - 715/(-99).
5
Suppose -3*r + 3*j + 3246 = -1416, 2*r - 4*j = 3102. What is the remainder when (-3)/(-8) - r/(-72) is divided by 8?
6
Let x(p) be the second derivative of p**3/2 + 7*p**2/2 + 3*p. What is the remainder when 54 is divided by x(4)?
16
Calculate the remainder when 9/27*(158 - -1) is divided by 14.
11
Let s = 3 - 21. Let d = s - -29. Let y = d - 8. What is the remainder when y is divided by 2?
1
Suppose -4*r + 45 = 2*y - 237, -4*y = -3*r + 217. What is the remainder when r is divided by 18?
17
Let t = -13 - -18. Suppose -43 = -t*z + 3*i - 14, -z + 2*